 n**2 - 5*n + 1. What is the tens digit of o(-5)?
1
Let x = -170 - -88. What is the tens digit of x/(-8) + (-7)/28?
1
Let n = -3 - -2. Let a = n + 3. Let p = a - -4. What is the units digit of p?
6
Let k be (-207)/(-15) - 1/(-5). Suppose m = -3*f + k, -5*m + 3*m = 4*f - 36. What is the tens digit of m?
2
What is the units digit of 33/5 + -2 + 45/(-75)?
4
Let k(l) = -l**2 + 4*l + 75. What is the units digit of k(0)?
5
Let n(y) = -y**2 - 4*y + 1. Let b be n(-2). Suppose 27 = 5*z - 2*l, -l + 31 = b*z + 7. What is the units digit of z?
5
Let z(a) = -a**3 - 4. Let s be z(0). Let r = s - -6. What is the units digit of r?
2
Let f(o) = o**2 + 7*o + 4. Let p be f(-5). Let x be (-18)/27 - (-2)/p. What is the units digit of -3*x*21/9?
7
Suppose 8*f + 25 = 105. What is the tens digit of f?
1
Let r = 17 - 57. Let z = -22 - r. What is the units digit of z?
8
What is the units digit of ((-122)/4)/((-21)/42)*1?
1
Suppose 0 = -l - 3*i - 29 + 139, -4*l + i + 453 = 0. What is the tens digit of l?
1
Let b(c) be the third derivative of -c**5/60 + c**4/4 + 4*c**3/3 - 3*c**2. What is the units digit of b(6)?
8
Let p(k) = 6*k**3 + k - 1. Let y be p(1). Let z(c) = c**2 - 4*c + 1. Let b be z(y). Suppose -b = -5*h + 32. What is the units digit of h?
9
Suppose -2*m + 99 = 31. What is the tens digit of m?
3
Suppose 138 = 3*y + 3*y. What is the tens digit of y?
2
Let k = 4 - 13. What is the units digit of (-2)/k - (-248)/18?
4
Suppose -2*r + 8 = -4*r. Let z be r + 6 + (-3)/(-1). Suppose 0 = -3*x + 5*d + 52, -4*d + 3*d = -z*x + 50. What is the units digit of x?
9
Let f(g) = 0*g - 2 + 3*g - 2*g + 2*g. Let z be f(2). Suppose z*k - 16 = -4*x + 4, 0 = 5*x + 10. What is the units digit of k?
7
Let h(t) = 16*t**3 - t**2 + 1. Let g be h(-1). What is the units digit of (2/6)/(g/(-144))?
3
Let t(u) = u**3 + 10*u**2 + 6*u + 7. Suppose -r - 3*a = 21, 0 = -2*a - 3 - 5. Let n be t(r). Let m = n - 19. What is the units digit of m?
5
Let z = 18 + 30. Let l = z + -34. What is the units digit of l?
4
Let f be (-4 - 61)/(1/(-1)). Let y = -39 + f. Suppose -3*r + 10 = -y. What is the units digit of r?
2
Let m be (6/(-4))/((-1)/2). Let o = 1 + m. What is the units digit of -2*2*(-3)/o?
3
Suppose 17*b - 12*b = 55. What is the units digit of b?
1
Let i(r) = -4 - 4*r**2 + 5*r**3 - 7*r**3 + r**3 + 3*r. What is the units digit of i(-5)?
6
Suppose -30 - 6 = -o - 4*x, -3*x + 196 = 4*o. What is the tens digit of o?
5
Suppose 4*i + i = 25. Let n(c) be the first derivative of 3*c**2/2 - c - 33. What is the tens digit of n(i)?
1
Let i be 2/((-1)/((-12)/8)). What is the units digit of 8/(i - 4 - -2)?
8
Suppose -5*r + 99 = -211. What is the units digit of r?
2
Let g(r) = 2*r + 7. Let l be (-43)/(-5) - 10/(-25). What is the units digit of g(l)?
5
Let p be 81/(-6)*42/(-9). Let b = 92 - p. What is the units digit of b?
9
What is the units digit of (0 - (50 + 4))/(-1)?
4
Let b(c) = 3*c**2 - 2*c + 1. Let n be b(1). Suppose 5*k + p = 13, 5*k - n*k = 2*p. Suppose 15 = 3*m - 5*q, k*q - 3*q = 3*m - 33. What is the units digit of m?
0
Let p be 72 + (-1 + 2)*0. Suppose 5*i = 10, 5*b + 0*i = -i + p. What is the units digit of b?
4
Let j(u) = u**3 + 11*u**2 + 10*u + 5. Let q(p) = -p**3 - 12*p**2 - 11*p - 5. Let y(x) = 4*j(x) + 3*q(x). What is the tens digit of y(-5)?
4
Suppose 0*w + w = -o + 67, 2*o + 52 = w. What is the tens digit of w?
6
Suppose -2*s + 0*s + 4*b = -12, -4*b - 2 = 3*s. Let f(x) = -7*x + 0*x**s + x**2 - 2 + 0*x**2. What is the units digit of f(8)?
6
Let c = 40 - -11. What is the units digit of c?
1
Suppose d + 1 - 3 = 0. Suppose r + 5 = d*r. Suppose -3*f + r - 2 = 0. What is the units digit of f?
1
Let b(l) = l**3 - 3*l**2 + l + 2. Let s be 6/(-8) + 46/8. Let m = 8 - s. What is the units digit of b(m)?
5
Let g(x) = -4*x**2 + x. Let v be g(-2). Let m = -12 - v. What is the units digit of m?
6
Let h(a) = a + 6. Let f be h(-10). What is the tens digit of 8*f/6*-3?
1
Let y be 3/(-6) + (-30)/(-4). Let o = y - 4. Suppose -o*l - 3*f = -7*f - 7, 4*f = 8. What is the units digit of l?
5
Let a(s) = -s + 1. Let r be (-10)/(-4) + (-4)/(-8). Suppose -2*m + r*w + 17 = -7*m, -2*w = m + 9. What is the units digit of a(m)?
2
What is the tens digit of (-2)/6*-3 - -22?
2
What is the tens digit of 55/4 + 21/(-28)?
1
Suppose c + c - o - 227 = 0, 100 = c - 5*o. What is the tens digit of c?
1
What is the tens digit of (-4 - (-2 - 3))*83?
8
Let t(m) = m**3 - m + 11. Let s = 6 - 6. What is the units digit of t(s)?
1
Let x be (0 + -2)/(-2) + 14. Let l = x + -2. Suppose 6 = -g + l. What is the units digit of g?
7
Let o = -5 - -5. Let z = -1 + 3. What is the units digit of 5 + (o - -2 - z)?
5
Let a = 274 + -157. What is the units digit of a?
7
Suppose w - 9 = 2*w - 5*p, -15 = -4*w + 3*p. Let d = w + -3. What is the units digit of d?
3
Let h(s) = 28*s**2 + s - 7. What is the tens digit of h(2)?
0
Let b(f) = -f**3 - 7*f**2 - 6*f - 8. What is the units digit of b(-7)?
4
Suppose -18*q + 1440 = -6*q. What is the hundreds digit of q?
1
Let z = 325 - 193. What is the hundreds digit of z?
1
Let i(j) = 2*j**2 - j - 5. Let a be i(-5). Suppose 5*k - a = -0*k. What is the units digit of k?
0
Suppose 5*k + 4 + 16 = -5*o, 6 = -4*o + k. Suppose -5*t + 4*d = 5, 5*t + 4 = t - 3*d. What is the units digit of (t + 0)/(1/o)?
2
Let n be 0 + -1 + 2 - 1. Suppose n = 3*l - l - 28. What is the tens digit of l?
1
Let x(d) = 1. Let f(n) = 3*n + 7 - 3*n - n**2. Let g(z) = -f(z) + 3*x(z). What is the units digit of g(-3)?
5
Let t(c) be the third derivative of 7*c**4/24 - c**3/3 - 4*c**2. What is the units digit of t(2)?
2
Let a(k) = -k**3 - 10*k**2 + 18*k + 7. What is the tens digit of a(-12)?
7
Suppose 0 = 5*v - 458 + 48. What is the units digit of v?
2
Let s be (-428)/18 - 18/81. Let l = s + 63. What is the units digit of l?
9
Let o(a) = a**3 + 2*a**2 + 2*a - 3. Let w be o(2). Suppose 0 = -4*s - 3*v - 8, -3*s + 2*v - w - 6 = 0. Let j = s + 11. What is the units digit of j?
6
Let b(i) = i**3 + 6*i**2 + i + 4. Let a be b(-6). Let y = a + 12. What is the tens digit of y?
1
Let o = 3 + -3. Suppose o = -w - 4*w - 5. What is the tens digit of w + (-3)/(-3) - -10?
1
Suppose -4*b = -3 - 9. Let i(s) = s**3 + s + 4. Let z be i(b). Let d = z - 24. What is the tens digit of d?
1
Let v be -2 - -1*2 - -2. Suppose -2*q = v*q - 24. Suppose -n = 4*y - 21, 3*n - 2*y + q*y - 23 = 0. What is the units digit of n?
1
Let m(z) = -z**2 + 6*z - 3. Let h be m(6). Let q be 0*(2 + h)*1. Suppose 6 = l - q*l. What is the units digit of l?
6
Let w(n) = -n**2 + n. Let k be w(1). Let h(y) = -y**3 - y**2 + 8. What is the units digit of h(k)?
8
Suppose -2*m - 2 = 0, 3*q = -2*q + m - 29. Let a be (5/2)/((-3)/q). Suppose 2*z + 5*i + 21 = 0, 35 = a*z - i - 4*i. What is the units digit of z?
2
Suppose 5*b = 23 - 8. Suppose -x + 6 + 22 = -3*l, -x - b*l + 52 = 0. What is the tens digit of x?
4
Let o(s) = 9*s**2 - 2*s - 2. Suppose m + 3 = -2*m. What is the units digit of o(m)?
9
What is the units digit of 3*3/(-9)*-6?
6
Let g(a) be the first derivative of -a**3/3 - 9*a**2/2 + 10*a - 1. Let w be g(-10). Suppose -3 + 2 = -t, -4*r + 5*t + 39 = w. What is the units digit of r?
1
Suppose 9 = 4*i + 1. Suppose 0 = -2*u + 2*z - 6, 9 = 5*u + i*z - 11. What is the units digit of 11/3 + u/6?
4
Let o(q) = 186*q**2 - q. What is the hundreds digit of o(1)?
1
Suppose -3*w - 78 = -3*n - 0*w, 4*n + 4*w - 80 = 0. What is the units digit of n?
3
What is the units digit of 47*3*(-2)/(-6)?
7
Let o be 2/5 - (-384)/15. Suppose -4*k + 2*j + 0 = o, -30 = 5*k - 3*j. Let z(n) = -n + 4. What is the tens digit of z(k)?
1
Suppose 5*t - 2*q = 1422, -5*t - 115 = 2*q - 1553. What is the tens digit of t?
8
Let o = -5 - -90. What is the tens digit of o?
8
Let u(x) = x**2 - x + 2. What is the tens digit of u(6)?
3
Let c(n) = 2*n**3 + 2*n**2 + 5*n - 6. Let v(y) = 3*y**3 + y**2 + 6*y - 7. Let l(z) = 4*c(z) - 3*v(z). What is the units digit of l(5)?
7
What is the tens digit of 160/6 - 12/18?
2
Let b(i) = 10 - 2*i + i - 11. What is the units digit of b(-5)?
4
Let d(b) = -b + 4. What is the units digit of d(-5)?
9
What is the units digit of 3/((-45)/(-12) + -3) + 32?
6
Let v(j) = -j. Let s(w) be the second derivative of -w**5/20 + w**4/12 - w**3/6 - 2*w**2 - 2*w. Let m be s(0). What is the units digit of v(m)?
4
Let r(g) = -g**3 + 6*